j - 675. Determine s(9).
117
Let s(i) = i**2 - 94*i - 508. Give s(99).
-13
Let u(v) = -v**3 - 8*v**2 - 13*v - 14. Calculate u(-8).
90
Let w(g) = 40*g - 1105. Give w(28).
15
Let i(s) = 277*s - 3932. Determine i(14).
-54
Let p(c) = -c**2 + 68*c - 1019. Calculate p(19).
-88
Let m(n) = -n**3 + 3*n**2 + 26*n - 75. Calculate m(-5).
-5
Let u(r) = -3082*r - 33868. Give u(-11).
34
Let a(l) = -l**3 - 36*l**2 - 375*l - 9100. What is a(-33)?
8
Let u(b) = -6*b**3 + 5*b**2 + 10*b - 23. Give u(2).
-31
Let u(y) = 1912*y + 65005. Calculate u(-34).
-3
Let y(t) = -2*t**3 + 20*t**2 + 66*t - 160. Determine y(12).
56
Let n(t) = t**2 - 551*t - 21118. Give n(-36).
14
Let n(u) = 215*u + 101. What is n(-2)?
-329
Let r(p) = -8*p**2 - 2*p + 20. What is r(-2)?
-8
Let a(i) = 407*i - 339. Calculate a(1).
68
Let u(p) = -11*p**3 + 7*p**2 + 97*p - 313. Determine u(3).
-256
Let a(h) = -603*h**2 - 1813*h - 2. Calculate a(-3).
10
Let b(h) = -h**3 + 16*h**2 - 11*h + 15. Determine b(15).
75
Let r(p) = -2*p**3 - 69*p**2 + 127*p + 697. Give r(-36).
13
Let i(r) = r**3 - 24*r**2 + 144*r - 1. Give i(12).
-1
Let u(m) = -453*m + 1800. What is u(4)?
-12
Let p(h) = -88*h - 524. Calculate p(-6).
4
Let m(v) = v**3 - 37*v**2 + 186*v + 17. Determine m(31).
17
Let h(y) = -9*y**3 + 5*y**2 - 12*y + 45. What is h(3)?
-189
Let h(r) = 10*r**2 + 425*r - 615. What is h(-44)?
45
Let f(y) = -y**3 - 53*y**2 + 107*y - 173. What is f(-55)?
-8
Let k(h) = -2*h**3 + 32*h**2 + 22*h + 238. Determine k(17).
34
Let i(y) = -14*y + 471. Give i(35).
-19
Let z(u) = u**3 - 17*u - 19. Determine z(-5).
-59
Let d(y) = -3*y**3 - 70*y**2 - 95*y - 157. What is d(-22)?
-3
Let c(v) = -311*v + 30172. Give c(97).
5
Let i(j) = -1040*j - 1033. Calculate i(-1).
7
Let n(b) = -35*b - 203. Determine n(-7).
42
Let h(j) = j**3 - 21*j**2 + 71*j + 149. Determine h(16).
5
Let k(y) = -48*y + 465. Give k(7).
129
Let i(l) = l**3 - 13*l**2 - 2*l + 31. Give i(5).
-179
Let w(l) = 8*l**3 - l**2 + 6*l - 1. Calculate w(-3).
-244
Let l(a) = a**3 + 10*a**2 - 30*a - 25. Give l(-13).
-142
Let o(q) = -q**3 - 9*q**2 - 1542*q - 13876. Determine o(-9).
2
Let k(r) = r**3 - 358*r**2 + 2103*r + 3162. Give k(352).
-6
Let g(l) = -l**2 + 11*l + 117. Determine g(17).
15
Let u(p) = -406*p + 1409. Give u(3).
191
Let u(y) = -91*y - 2535. Give u(-27).
-78
Let o(m) = 10*m**2 + 4*m + 28. What is o(4)?
204
Let q(i) = -64*i - 1290. Determine q(-20).
-10
Let s(a) = -a**2 + 56*a + 740. Determine s(-11).
3
Let k(r) = 5*r**2 + 175*r + 192. Determine k(-34).
22
Let g(z) = -826*z - 23941. Give g(-29).
13
Let w(t) = -t**3 - 35*t**2 + 77*t + 108. Give w(-37).
-3
Let u(c) = -3924*c - 23546. Give u(-6).
-2
Let t(c) = -2*c**2 - 12*c + 132. What is t(-20)?
-428
Let a(y) = y**3 + 372*y**2 - 2267*y - 10. Calculate a(6).
-4
Let j(m) = -m**3 - 74*m**2 - 1109*m + 206. Give j(-53).
-6
Let m(c) = -4*c**3 + 11*c**2 - 10*c + 22. Calculate m(4).
-98
Let b(d) = d**3 + 6*d**2 + 9*d - 11. What is b(-8)?
-211
Let q(p) = -p**3 + 11*p**2 - 82*p + 151. What is q(2)?
23
Let p(y) = -1089*y + 59920. Determine p(55).
25
Let m(x) = x**3 - 42*x**2 + 139*x + 493. What is m(38)?
-1
Let y(h) = -185*h**3 + h**2 - 3*h + 1. Determine y(1).
-186
Let j(m) = 112*m - 19467. Calculate j(174).
21
Let v(q) = -q**3 + 128*q**2 + 781*q + 3075. Determine v(134).
-7
Let t(r) = -14*r**2 - 364*r + 728. Determine t(2).
-56
Let t(o) = o**3 + 2*o**2 - 58*o + 8. What is t(5)?
-107
Let k(p) = 12*p**2 + 351*p - 1552. What is k(-33)?
-67
Let i(s) = 6*s**3 - 4*s**2 + 15. Determine i(-3).
-183
Let l(o) = -12*o**2 + 35*o + 226. Give l(-6).
-416
Let l(x) = -7*x**3 - 34*x**2 - 4*x - 15. What is l(-4)?
-95
Let l(q) = 27*q - 175. Give l(8).
41
Let n(t) = 181*t + 1858. Calculate n(-10).
48
Let h(t) = -4*t + 20. Give h(-1).
24
Let v(c) = 46*c - 2124. What is v(46)?
-8
Let f(p) = -2*p**3 - 13*p**2 + 302*p + 644. Determine f(-2).
4
Let h(f) = -118*f + 497. Give h(4).
25
Let n(w) = 78*w - 1960. Determine n(25).
-10
Let n(i) = -i**3 - 18*i**2 + 26*i + 1040. Calculate n(-15).
-25
Let t(k) = -15*k**2 - 415*k - 668. Calculate t(-26).
-18
Let y(a) = -a**2 + 57*a + 2200. What is y(83)?
42
Let y(p) = p**3 - 9*p**2 + 6*p - 22. Give y(9).
32
Let a(y) = 25*y + 153. Calculate a(-4).
53
Let r(d) = 1215*d + 3642. Calculate r(-3).
-3
Let i(a) = 2*a**3 + 109*a**2 - 175*a - 389. Give i(-56).
3
Let g(z) = 7*z**2 + 73*z + 204. Calculate g(-8).
68
Let q(t) = -25*t + 2441. Give q(93).
116
Let r(k) = 2654*k + 13272. Calculate r(-5).
2
Let a(r) = 44*r + 173. Calculate a(-4).
-3
Let n(i) = -i**3 + 5*i**2 - 7*i + 27. Give n(3).
24
Let c(n) = 2*n**2 - 203. Give c(12).
85
Let z(o) = 54*o**2 + 424*o - 23. What is z(-8)?
41
Let w(b) = -b**3 + 16*b**2 + 29*b - 53. Determine w(14).
745
Let f(n) = 146*n - 1056. Give f(7).
-34
Let d(f) = -2*f + 10. Calculate d(32).
-54
Let x(b) = -b**2 - 269*b - 9941. Determine x(-44).
-41
Let o(p) = -9*p + 1505. Determine o(136).
281
Let f(k) = k**2 - 34*k - 20. What is f(0)?
-20
Let p(w) = 120*w + 12459. Calculate p(-104).
-21
Let h(k) = k**3 + k**2 - 65*k - 45. Calculate h(8).
11
Let i(c) = -3002*c - 38998. Give i(-13).
28
Let b(j) = 1665*j - 8315. Determine b(5).
10
Let d(g) = 2*g**3 - 12*g**2 - 10*g + 17. Calculate d(6).
-43
Let t(f) = f**2 + 297*f + 3970. Give t(-14).
8
Let m(z) = 164*z - 1476. What is m(9)?
0
Let x(i) = -i**3 + 11*i**2 - 17*i + 4. Calculate x(8).
60
Let r(n) = 18*n**2 + 5*n - 17. Calculate r(2).
65
Let s(u) = 101*u + 1748. Determine s(-17).
31
Let p(b) = -b**3 + 19*b**2 + 167*b - 768. What is p(-9)?
-3
Let k(j) = 6*j + 61. What is k(-16)?
-35
Let m(l) = -102*l - 1324. What is m(-13)?
2
Let t(d) = -2014*d + 1978. Determine t(1).
-36
Let l(v) = v**3 + 88*v**2 + 637*v - 238. What is l(-80)?
2
Let q(t) = 15*t - 119. Calculate q(-29).
-554
Let i(l) = -5*l + 49. Give i(-17).
134
Let s(g) = g**3 + 5*g**2 - 37*g - 63. Calculate s(-5).
122
Let o(q) = q**3 + 40*q**2 - 1998*q - 82. Calculate o(29).
5
Let u(a) = a**2 - 117*a - 3415. Determine u(-24).
-31
Let l(c) = 1508*c + 33162. Determine l(-22).
-14
Let y(d) = -58*d - 105. What is y(-2)?
11
Let o(n) = -n**2 - 170*n + 12645. Calculate o(56).
-11
Let p(z) = 2*z**2 + 36*z + 50. Calculate p(-5).
-80
Let f(s) = -s**3 - 26*s**2 + 73*s - 68. Determine f(-29).
338
Let k(r) = 81*r - 91. Calculate k(1).
-10
Let v(l) = -l**3 - 53*l**2 - 2*l - 39. Determine v(-53).
67
Let l(a) = -39*a - 216. Give l(-6).
18
Let m(h) = -h**3 - 41*h**2 - 39*h + 122. Determine m(-40).
82
Let k(b) = -b**3 - 46*b**2 - 42*b + 105. Give k(-45).
-30
Let f(d) = 756*d - 18143. Calculate f(24).
1
Let p(u) = 639*u + 3235. Determine p(-5).
40
Let a(b) = b**3 - 5*b**2 + 4*b + 20. Determine a(7).
146
Let j(k) = k**3 - 19*k**2 + 54*k - 665. Determine j(18).
-17
Let m(i) = 180*i + 399. Determine m(-4).
-321
Let h(q) = q + 12. Calculate h(8).
20
Let s(g) = -g**2 - 55*g + 183. What is s(-58)?
9
Let f(p) = p**2 + 21*p - 37. What is f(13)?
405
Let n(l) = 30*l - 279. Calculate n(8).
-39
Let d(y) = 289*y - 1547. Determine d(5).
-102
Let v(p) = 66*p**2 + 433*p - 204. Calculate v(-7).
-1
Let a(d) = -d**2 + 261*d - 17037. Give a(132).
-9
Let q(s) = s**2 + 1894*s + 5679. Determine q(-3).
6
Let a(l) = -l**2 + 3*l + 3170. Give a(-55).
-20
Let t(k) = 4*k**3 + 93*k**2 + 12*k - 247. Calculate t(-23).
6
Let p(c) = -39*c - 1396. Give p(-36).
8
Let h(f) = 930*f - 44637. What is h(48)?
3
Let m(g) = -38*g - 287. Determine m(-13).
207
Let f(r) = 9*r**2 - 30*r - 52. Give f(-2).
44
Let b(m) = 95*m**2 - 161*m - 52. Give b(2).
6
Let r(q) = -55*q + 2909. Give r(53).
-6
Let g(n) = -2*n**3 + 31*n**2 - 12*n - 60. Calculate g(15).
-15
Let j(v) = -59*v**2 - 364*v - 55. Calculate j(-6).
5
Let z(k) = -109*k + 2916. What is z(27)?
-27
Let v(n) = -71*n - 576. Calculate v(-8).
-8
Let z(q) = 222*q**2 - 20*q + 2. Calculate z(1).
204
Let g(i) = -48*i - 893. Give g(-19).
19
Let c(o) = -o**3 - 5*o**2 + 75*o + 476. Give c(-8).
68
Let n(q) = 10*q - 144. Give n(15).
6
Let d(f) = 4*f**2 - f - 1. What is d(1)?
2
Let b(u) = -u**3 - 16*u**2 + 135*u - 14. Determine b(-22).
-80
Let u(n) = -3*n**2 - 3*n + 9. Calculate u(3).
-27
Let j(k) = k**3 - 40*k**2 + 35*k - 56. Determine j(39).
-212
Let g(z) = z**3 - 297*z**2 - 816*z - 25191. Calculate g(300).
9
Let v(w) = 20*w - 863. What is v(66)?
457
Let a(s) = 2*s**2 + 605*s + 19414. Calculate a(-266).
-4
Let w(f) = -3*f**3 -